divided by 6228?
3
Calculate the remainder when 176622 is divided by 38.
36
What is the remainder when 18973 is divided by 9474?
25
Calculate the remainder when 4607 is divided by 2150.
307
Calculate the remainder when 477 is divided by 260.
217
What is the remainder when 163317 is divided by 1498?
35
Calculate the remainder when 672747 is divided by 74747.
24
What is the remainder when 37672 is divided by 7529?
27
Calculate the remainder when 5028 is divided by 39.
36
Calculate the remainder when 47471 is divided by 23733.
5
Calculate the remainder when 2070 is divided by 40.
30
What is the remainder when 1287 is divided by 7?
6
Calculate the remainder when 5545 is divided by 51.
37
Calculate the remainder when 2084 is divided by 39.
17
What is the remainder when 115272 is divided by 29?
26
Calculate the remainder when 1848851 is divided by 342.
341
What is the remainder when 2873 is divided by 904?
161
What is the remainder when 13506 is divided by 2?
0
Calculate the remainder when 2134 is divided by 305.
304
What is the remainder when 536837 is divided by 77?
70
What is the remainder when 6200 is divided by 3072?
56
Calculate the remainder when 25065 is divided by 302.
301
What is the remainder when 145253 is divided by 15?
8
Calculate the remainder when 17834 is divided by 636.
26
Calculate the remainder when 2798 is divided by 359.
285
What is the remainder when 17485 is divided by 61?
39
What is the remainder when 96442 is divided by 2?
0
Calculate the remainder when 5734 is divided by 92.
30
What is the remainder when 60796 is divided by 8626?
414
What is the remainder when 134632 is divided by 101?
100
What is the remainder when 5817 is divided by 359?
73
What is the remainder when 6948 is divided by 1735?
8
What is the remainder when 8501 is divided by 321?
155
Calculate the remainder when 354501 is divided by 107.
10
What is the remainder when 2211 is divided by 1102?
7
What is the remainder when 4436 is divided by 153?
152
What is the remainder when 1133209 is divided by 13?
12
Calculate the remainder when 562 is divided by 557.
5
What is the remainder when 13878 is divided by 323?
312
What is the remainder when 258464 is divided by 242?
8
Calculate the remainder when 1310 is divided by 69.
68
What is the remainder when 49214 is divided by 26?
22
Calculate the remainder when 59162 is divided by 32.
26
What is the remainder when 858 is divided by 409?
40
What is the remainder when 54607 is divided by 13650?
7
What is the remainder when 2422 is divided by 962?
498
What is the remainder when 10823 is divided by 12?
11
What is the remainder when 22770 is divided by 7584?
18
What is the remainder when 89542 is divided by 75?
67
What is the remainder when 3072 is divided by 13?
4
What is the remainder when 9261 is divided by 1820?
161
What is the remainder when 9597 is divided by 77?
49
Calculate the remainder when 34688 is divided by 6937.
3
Calculate the remainder when 7712 is divided by 596.
560
What is the remainder when 659 is divided by 86?
57
What is the remainder when 167276 is divided by 55757?
5
What is the remainder when 20364 is divided by 3296?
588
What is the remainder when 5481 is divided by 546?
21
Calculate the remainder when 38451 is divided by 9611.
7
What is the remainder when 859323 is divided by 1182?
9
What is the remainder when 15159 is divided by 19?
16
What is the remainder when 27256 is divided by 47?
43
Calculate the remainder when 4281 is divided by 112.
25
Calculate the remainder when 2220 is divided by 428.
80
What is the remainder when 12086 is divided by 2006?
50
Calculate the remainder when 28608 is divided by 33.
30
Calculate the remainder when 3215 is divided by 3208.
7
What is the remainder when 513 is divided by 129?
126
What is the remainder when 514 is divided by 53?
37
What is the remainder when 122318 is divided by 695?
693
Calculate the remainder when 83345 is divided by 11904.
17
What is the remainder when 511970 is divided by 2?
0
Calculate the remainder when 253527 is divided by 28169.
6
Calculate the remainder when 2063 is divided by 426.
359
Calculate the remainder when 33942 is divided by 23.
17
What is the remainder when 6628 is divided by 1653?
16
What is the remainder when 5149 is divided by 215?
204
What is the remainder when 21439 is divided by 797?
717
What is the remainder when 8319 is divided by 31?
11
What is the remainder when 14609 is divided by 239?
30
What is the remainder when 866 is divided by 64?
34
Calculate the remainder when 11841 is divided by 5914.
13
Calculate the remainder when 111980 is divided by 37317.
29
What is the remainder when 161924 is divided by 13?
9
Calculate the remainder when 8508 is divided by 504.
444
Calculate the remainder when 4131 is divided by 39.
36
Calculate the remainder when 13105 is divided by 394.
103
What is the remainder when 75308 is divided by 655?
638
Calculate the remainder when 1374143 is divided by 458037.
32
What is the remainder when 2403618 is divided by 412?
10
Calculate the remainder when 26982 is divided by 397.
383
Calculate the remainder when 1000738 is divided by 13.
11
Calculate the remainder when 43896 is divided by 332.
72
Calculate the remainder when 53305 is divided by 61.
52
Calculate the remainder when 70648 is divided by 314.
312
What is the remainder when 130570 is divided by 12?
10
What is the remainder when 297 is divided by 60?
57
What is the remainder when 58412 is divided by 118?
2
Calculate the remainder when 1541101 is divided by 54.
49
Calculate the remainder when 24696 is divided by 45.
36
Calculate the remainder when 1815 is divided by 1736.
79
Calculate the remainder when 2386 is divided by 2354.
32
Calculate the remainder when 105148 is divided by 98.
92
What is the remainder when 17990 is divided by 4451?
186
Calculate the remainder when 58464 is divided by 23.
21
Calculate the remainder when 11740 is divided by 11725.
15
What is the remainder when 8739 is divided by 2178?
27
Calculate the remainder when 36582 is divided by 6093.
24
Calculate the remainder when 96372 is divided by 32107.
51
Calculate the remainder when 11974 is divided by 481.
430
Calculate the remainder when 1667 is divided by 31.
24
Calculate the remainder when 2344 is divided by 1274.
1070
Calculate the remainder when 1728479 is divided by 19.
11
Calculate the remainder when 58816 is divided by 3090.
106
What is the remainder when 9590 is divided by 436?
434
Calculate the remainder when 41579 is divided by 28.
27
What is the remainder when 427045 is divided by 438?
433
What is the remainder when 341 is divided by 140?
61
Calculate the remainder when 137658 is divided by 45.
3
What is the remainder when 806 is divided by 104?
78
What is the remainder when 14587 is divided by 73?
60
Calculate the remainder when 8253 is divided by 168.
21
What is the remainder when 610 is divided by 87?
1
What is the remainder when 252810 is divided by 714?
54
What is the remainder when 69945 is divided by 9?
6
Calculate the remainder when 863119 is divided by 23.
21
Calculate the remainder when 117683 is divided by 563.
16
Calculate the remainder when 667082 is divided by 44.
42
Calculate the remainder when 6052 is divided by 860.
32
What is the remainder when 2296 is divided by 821?
654
Calculate the remainder when 1297 is divided by 1036.
261
What is the remainder when 162885 is divided by 134?
75
Calculate the remainder when 20262 is divided by 494.
8
What is the remainder when 60165 is divided by 20053?
6
Calculate the remainder when 119963 is divided by 156.
155
What is the remainder when 6603 is divided by 21?
9
What is the remainder when 9993 is divided by 290?
133
What is the remainder when 8364 is divided by 92?
84
What is the remainder when 74167 is divided by 2557?
14
What is the remainder when 5222410 is divided by 26?
24
What is the remainder when 17008 is divided by 2834?
4
Calculate the remainder when 1789 is divided by 1.
0
What is the remainder when 20618 is divided by 39?
26
What is the remainder when 11353 is divided by 325?
303
What is the remainder when 7683 is divided by 969?
900
What is the remainder when 1257 is divided by 306?
33
What is the remainder when 192941 is divided by 16?
13
Calculate the remainder when 18590 is d